rue
Is 2019 composite?
True
Is 31013 a prime number?
True
Is 24851 prime?
True
Is 3017 a composite number?
True
Is 487115 composite?
True
Is 2669 a prime number?
False
Is 9967 a composite number?
False
Is 10533 a composite number?
True
Is 311677 a prime number?
True
Is 95429 a prime number?
True
Is 329321 composite?
False
Is 55343 prime?
True
Is 354203 prime?
False
Is 253307 prime?
True
Is 101527 a prime number?
True
Is 337555 a prime number?
False
Is 677 a prime number?
True
Is 4685531 a composite number?
False
Is 96553 composite?
False
Is 1331601 composite?
True
Is 15959 prime?
True
Is 179071 prime?
False
Is 24937 composite?
True
Is 300437 prime?
False
Is 190487 a prime number?
False
Is 1428079 a prime number?
True
Is 1213015 composite?
True
Is 2203 composite?
False
Is 86819 a composite number?
True
Is 28169 composite?
True
Is 40191 a composite number?
True
Is 6274 prime?
False
Is 1319059 composite?
True
Is 15298 composite?
True
Is 160307 composite?
True
Is 439 a prime number?
True
Is 309215 a prime number?
False
Is 63001 a prime number?
False
Is 251 composite?
False
Is 3695 composite?
True
Is 37034 a composite number?
True
Is 117679 composite?
False
Is 426391 a composite number?
True
Is 975941 a prime number?
True
Is 102803 a composite number?
True
Is 7145 a composite number?
True
Is 79087 composite?
False
Is 83813 composite?
False
Is 3137 a prime number?
True
Is 10477 prime?
True
Is 1430369 composite?
True
Is 7001 a prime number?
True
Is 86299 prime?
False
Is 108233 a prime number?
True
Is 951887 a prime number?
True
Is 1735 a composite number?
True
Is 11993 composite?
True
Is 922021 prime?
True
Is 14281 a prime number?
True
Is 265279 a prime number?
False
Is 1379 composite?
True
Is 129341 a composite number?
False
Is 17687 a composite number?
True
Is 631 a prime number?
True
Is 66331 prime?
False
Is 326309 a composite number?
False
Is 679823 composite?
False
Is 200227 prime?
True
Is 1273843 a composite number?
False
Is 10762 prime?
False
Is 5953 a prime number?
True
Is 66269 prime?
False
Is 13119 composite?
True
Is 10559 a composite number?
False
Is 564733 prime?
False
Is 458 a prime number?
False
Is 40319 prime?
False
Is 922609 a prime number?
False
Is 34411 composite?
True
Is 49957 prime?
True
Is 21787 composite?
False
Is 520409 prime?
True
Is 3809 composite?
True
Is 365362 composite?
True
Is 360749 a prime number?
True
Is 1997873 a prime number?
False
Is 954461 prime?
True
Is 6639 a prime number?
False
Is 272449 a prime number?
True
Is 4781 prime?
False
Is 368273 a prime number?
True
Is 53617 a prime number?
True
Is 10831 a prime number?
True
Is 1865 a composite number?
True
Is 54493 a composite number?
False
Is 26293 composite?
False
Is 122443 a prime number?
True
Is 3791 composite?
True
Is 112193 a composite number?
True
Is 2845 a composite number?
True
Is 15838 composite?
True
Is 40757 prime?
False
Is 1521967 a prime number?
False
Is 155517 prime?
False
Is 7283 a composite number?
False
Is 3833 a composite number?
False
Is 3259 prime?
True
Is 16649 prime?
True
Is 93047 prime?
True
Is 1006 a composite number?
True
Is 76907 a prime number?
True
Is 140827 prime?
True
Is 190357 composite?
False
Is 1619 composite?
False
Is 1390913 a prime number?
True
Is 2551 a composite number?
False
Is 393674 a prime number?
False
Is 2117 a composite number?
True
Is 99809 a prime number?
True
Is 21377 prime?
True
Is 698223 a prime number?
False
Is 1651 prime?
False
Is 232187 a composite number?
False
Is 362569 prime?
True
Is 514219 prime?
True
Is 23773 a prime number?
True
Is 29343 a prime number?
False
Is 197059 a prime number?
True
Is 794449 a composite number?
False
Is 68329 composite?
False
Is 77 a prime number?
False
Is 745 a prime number?
False
Is 4927 a composite number?
True
Is 82939 a composite number?
False
Is 635941 a composite number?
True
Is 40189 a prime number?
True
Is 12659 a prime number?
True
Is 13649 prime?
True
Is 34381 composite?
False
Is 3542593 a prime number?
True
Is 284039 composite?
True
Is 56269 prime?
True
Is 56077 a prime number?
False
Is 664973 a composite number?
False
Is 16547 a prime number?
True
Is 72859 a composite number?
False
Is 196111 a prime number?
True
Is 327643 prime?
False
Is 1257787 a composite number?
False
Is 38401 a composite number?
True
Is 43223 a composite number?
False
Is 64097 prime?
False
Is 1693 a composite number?
False
Is 12037 composite?
False
Is 457693 composite?
True
Is 26459 prime?
True
Is 22163 a composite number?
True
Is 3967 composite?
False
Is 555557 a prime number?
True
Is 5399 a prime number?
True
Is 818813 a composite number?
False
Is 382405 composite?
True
Is 166673 a composite number?
True
Is 469069 prime?
True
Is 106553 a composite number?
True
Is 3068159 a prime number?
True
Is 25329 a composite number?
True
Is 2179 composite?
False
Is 905951 prime?
True
Is 31957 composite?
False
Is 15961 a prime number?
False
Is 191 prime?
True
Is 181667 prime?
True
Is 216377 composite?
True
Is 15109 composite?
True
Is 16273 a prime number?
True
Is 14621 prime?
True
Is 6898 a prime number?
False
Is 14227 a composite number?
True
Is 37619 a prime number?
True
Is 4453 a prime number?
False
Is 3761 prime?
True
Is 18773 prime?
True
Is 9611 composite?
True
Is 41381 a composite number?
False
Is 44087 a composite number?
False
Is 761669 a composite number?
False
Is 74581 composite?
True
Is 183385 a prime number?
False
Is 124979 a composite number?
False
Is 11183 a composite number?
True
Is 30803 a prime number?
True
Is 887 a composite number?
False
Is 22963 a prime number?
True
Is 10411 a prime number?
False
Is 708443 a prime number?
False
Is 1928089 a composite number?
True
Is 8698 prime?
False
Is 444401 a composite number?
False
Is 35831 a prime number?
True
Is 944738 composite?
True
Is 76229 prime?
False
Is 6377 a prime number?
False
Is 1915 a prime number?
False
Is 259643 a composite number?
False
Is 17831 prime?
False
Is 88493 a prime number?
True
Is 11157 a prime number?
False
Is 548439 prime?
False
Is 3989 prime?
True
Is 822161 a prime number?
True
Is 95605 a composite number?
True
Is 751319 a composite number?
False
Is 1505635 a prime number?
False
Is 16493 a prime number?
True
Is 75139 a prime number?
False
Is 5069 a prime number?
False
Is 299807 a composite number?
False
Is 5833 prime?
False
Is 101201 a composite number?
True
Is 910361 composite?
False
Is 459749 prime?
True
Is 22207 a composite number?
True
Is 30257 a composite number?
True
Is 15683 a prime number?
True
Is 626351 a prime number?
False
Is 759643 prime?
False
Is 1102147 composite?
False
Is 2809567 prime?
True
Is 270607 a prime number?
False
Is 5147 a composite number?
False
Is 7841 a composite number?
False
Is 10559 composite?
False
Is 1531 a prime number?
True
Is 47973 composite?
True
Is 11579 prime?
True
Is 342919 composite?
True
Is 10321 prime?
True
Is 312779 a prime number?
True
Is 374441 a prime number?
True
Is 119653 composite?
False
Is 15047 composite?
True
Is 171823 a prime number?
True
Is 135547 a prime number?
False
Is 3821 a prime number?
True
Is 1949 a composite number?
False
Is 40973 a prime number?
True
Is 23159 a composite number?
False
Is 38693 a composite number?
False
Is 12247 prime?
False
Is 6847 composite?
True
Is 644291 a prime number?
True
Is 17519 composite?
False
Is 791 prime?
False
Is 1985459 composite?
True
Is 23459 a composite number?
False
Is 2927 a composite number?
False
Is 42877 prime?
False
Is 35246 a composite number?
True
Is 27037 prime?
False
Is 4567 prime?
True
Is 31013 a composite number?
False
Is 28349 a composite number?
False
Is 18071 composite?
True
Is 427417 prime?
True
Is 11677 prime?
True
Is 82757 a prime number?
True
Is 94223 a prime number?
False
Is 596707 composite?
False
Is 553967 composite?
True
Is 13747 a composite number?
True
Is 4441 composite?
False
Is 153383 a prime number?
False
Is 5089 a prime number?
False
Is 6599 composite?
False
Is 19846 prime?
False
Is 104579 composite?
False
Is 112901 a composite number?
False
Is 1078178 a prime number?
False
Is 324293 prime?
True
Is 16601 prime?
False
Is 18013 composite?
False
Is 32107 prime?
False
Is 3833 a composite number?
False
Is 143795 prime?
False
Is 13361 prime?
False
Is 532229 composite?
True
Is 422374 a prime number?
Fal